s digit of 32127?
7
What is the hundreds digit of 1683?
6
What is the hundreds digit of 2361?
3
What is the tens digit of 310?
1
What is the hundreds digit of 16691?
6
What is the units digit of 607?
7
What is the tens digit of 868?
6
What is the units digit of 1241?
1
What is the thousands digit of 7589?
7
What is the hundreds digit of 816?
8
What is the thousands digit of 85704?
5
What is the tens digit of 771?
7
What is the hundreds digit of 36173?
1
What is the thousands digit of 169049?
9
What is the tens digit of 4833?
3
What is the thousands digit of 16358?
6
What is the units digit of 7550?
0
What is the thousands digit of 16350?
6
What is the hundreds digit of 285?
2
What is the hundreds digit of 1696?
6
What is the units digit of 10436?
6
What is the hundreds digit of 289?
2
What is the thousands digit of 39450?
9
What is the thousands digit of 1896?
1
What is the tens digit of 9032?
3
What is the units digit of 6087?
7
What is the hundreds digit of 455?
4
What is the ten thousands digit of 49158?
4
What is the thousands digit of 23421?
3
What is the units digit of 15053?
3
What is the thousands digit of 25263?
5
What is the thousands digit of 26756?
6
What is the units digit of 719?
9
What is the units digit of 6?
6
What is the thousands digit of 1921?
1
What is the tens digit of 2227?
2
What is the tens digit of 3222?
2
What is the thousands digit of 1060?
1
What is the hundreds digit of 1174?
1
What is the units digit of 240?
0
What is the hundreds digit of 144713?
7
What is the tens digit of 1147?
4
What is the units digit of 298?
8
What is the hundreds digit of 4040?
0
What is the tens digit of 2265?
6
What is the thousands digit of 11295?
1
What is the thousands digit of 4504?
4
What is the units digit of 11939?
9
What is the tens digit of 69414?
1
What is the hundreds digit of 105553?
5
What is the units digit of 1316?
6
What is the hundreds digit of 34586?
5
What is the thousands digit of 1005?
1
What is the units digit of 159752?
2
What is the units digit of 4126?
6
What is the hundreds digit of 1773?
7
What is the tens digit of 2547?
4
What is the tens digit of 1205?
0
What is the units digit of 1956?
6
What is the tens digit of 82?
8
What is the hundreds digit of 3639?
6
What is the hundreds digit of 2141?
1
What is the units digit of 886?
6
What is the tens digit of 7759?
5
What is the tens digit of 17918?
1
What is the units digit of 818?
8
What is the hundreds digit of 2012?
0
What is the hundreds digit of 670?
6
What is the hundred thousands digit of 117504?
1
What is the thousands digit of 22222?
2
What is the thousands digit of 3495?
3
What is the thousands digit of 1407?
1
What is the thousands digit of 22811?
2
What is the hundreds digit of 5096?
0
What is the hundred thousands digit of 156433?
1
What is the thousands digit of 1571?
1
What is the units digit of 109385?
5
What is the tens digit of 35748?
4
What is the units digit of 5395?
5
What is the units digit of 1235?
5
What is the tens digit of 44132?
3
What is the thousands digit of 11733?
1
What is the tens digit of 4592?
9
What is the thousands digit of 39258?
9
What is the tens digit of 408?
0
What is the units digit of 26362?
2
What is the ten thousands digit of 33826?
3
What is the tens digit of 6837?
3
What is the tens digit of 62854?
5
What is the units digit of 546?
6
What is the hundreds digit of 3065?
0
What is the tens digit of 1176?
7
What is the thousands digit of 7950?
7
What is the tens digit of 13322?
2
What is the thousands digit of 6489?
6
What is the hundreds digit of 2044?
0
What is the thousands digit of 45631?
5
What is the units digit of 3662?
2
What is the tens digit of 20274?
7
What is the units digit of 1110?
0
What is the units digit of 938?
8
What is the hundreds digit of 8909?
9
What is the units digit of 581?
1
What is the thousands digit of 1952?
1
What is the hundreds digit of 5219?
2
What is the hundreds digit of 6766?
7
What is the hundreds digit of 26174?
1
What is the units digit of 497?
7
What is the thousands digit of 19829?
9
What is the units digit of 95094?
4
What is the hundreds digit of 2972?
9
What is the hundreds digit of 27968?
9
What is the hundreds digit of 39968?
9
What is the units digit of 3859?
9
What is the thousands digit of 22847?
2
What is the units digit of 1899?
9
What is the ten thousands digit of 125071?
2
What is the units digit of 3526?
6
What is the hundreds digit of 17073?
0
What is the thousands digit of 6394?
6
What is the hundreds digit of 1385?
3
What is the hundreds digit of 2544?
5
What is the units digit of 417?
7
What is the tens digit of 12463?
6
What is the thousands digit of 16356?
6
What is the hundreds digit of 19340?
3
What is the tens digit of 35863?
6
What is the tens digit of 310?
1
What is the thousands digit of 1048?
1
What is the hundreds digit of 557?
5
What is the units digit of 40622?
2
What is the hundreds digit of 129?
1
What is the tens digit of 393?
9
What is the units digit of 937?
7
What is the hundreds digit of 215?
2
What is the tens digit of 4080?
8
What is the units digit of 2121?
1
What is the hundred thousands digit of 160649?
1
What is the tens digit of 5398?
9
What is the tens digit of 696?
9
What is the thousands digit of 5425?
5
What is the ten thousands digit of 21479?
2
What is the hundreds digit of 3536?
5
What is the units digit of 404?
4
What is the hundreds digit of 1695?
6
What is the tens digit of 681?
8
What is the hundreds digit of 12420?
4
What is the tens digit of 44162?
6
What is the tens digit of 2206?
0
What is the ten thousands digit of 35758?
3
What is the tens digit of 740?
4
What is the units digit of 8340?
0
What is the hundreds digit of 906?
9
What is the units digit of 813?
3
What is the units digit of 18439?
9
What is the thousands digit of 8968?
8
What is the thousands digit of 1792?
1
What is the thousands digit of 21303?
1
What is the hundreds digit of 20884?
8
What is the tens digit of 10676?
7
What is the hundreds digit of 150?
1
What is the tens digit of 411?
1
What is the units digit of 15553?
3
What is the units digit of 739?
9
What is the units digit of 1592?
2
What is the hundreds digit of 76298?
2
What is the tens digit of 859?
5
What is the tens digit of 8985?
8
What is the units digit of 2280?
0
What is the units digit of 5781?
1
What is the ten thousands digit of 13233?
1
What is the tens digit of 38022?
2
What is the tens digit of 580?
8
What is the tens digit of 21?
2
What is the units digit of 11119?
9
What is the tens digit of 1095?
9
What is the tens digit of 68916?
1
What is the hundreds digit of 3770?
7
What is the hundreds digit of 53075?
0
What is the ten thousands digit of 19961?
1
What is the units digit of 50?
0
What is the units digit of 96462?
2
What is the hundreds digit of 19154?
1
What is the thousands digit of 4429?
4
What is the units digit of 4162?
2
What is the thousands digit of 4390?
4
What is the ten thousands digit of 19291?
1
What is the thousands digit of 14726?
4
What is the tens digit of 1510?
1
What is the units digit of 44613?
3
What is the units digit of 40641?
1
What is the tens digit of 2866?
6
What is the units digit of 9365?
5
What is the units digit of 1292?
2
What is the tens digit of 424?
2
What is the tens digit of 5005?
0
What is the tens digit of 2847?
4
What is the tens digit of 111447?
4
What is the thousands digit of 50211?
0
What is the ten thousands digit of 19112?
1
What is the thousands digit of 2358?
2
What is the thousands digit of 2286?
2
What is the hundreds digit of 11467?
4
What is the units digit of 1363?
3
What is the thousands digit of 88279?
8
What is the units digit of 39515?
5
What is the units digit of 6695?
5
What is the ten thousands digit of 10539?
1
What is the hundreds digit of 599?
5
What is the tens digit of 5581?
8
What is the tens digit of 16812?
1
What is the hundreds digit of 1447?
4
What is the tens digit of 21910?
1
What is the tens digit of 82721?
2
What is the thousands digit of 9017?
9
What is the hundreds digit of 21999?
9
What is the units digit of 40200?
0
What is the tens digit of 400?
0
What is the tens digit of 7366?
6
What is the hundreds digit of 46164?
1
What is the hundreds digit of 999?
9
What is the hundreds digit of 5379?
3
Wha